*t - 2. Let y be w(z). What are the prime factors of ((-3)/4)/(1/y)?
3
Let c be (1*-2)/2 + 1. Suppose c = 5*q + 4*s - s - 103, -5*q + 105 = 5*s. Suppose 3*r + q = 8*r. List the prime factors of r.
2
Let k be 61/(-9) + (-2)/9. Let q = 3 - k. What are the prime factors of q?
2, 5
Let j(c) be the first derivative of -5*c**2/2 + c - 4. What are the prime factors of j(-5)?
2, 13
Let t = 580 - 397. What are the prime factors of t?
3, 61
List the prime factors of 6/(-2) + 41 + -2.
2, 3
Let c = -9 - -14. Let z = -36 + 52. Suppose -c*n = -3*q - 36, -4*n + z = -0*q + 4*q. What are the prime factors of n?
2, 3
Suppose i = -d + 124, d - 267 = 4*i - 778. What are the prime factors of i?
127
Suppose 0 = -0*s + 5*s - 290. What are the prime factors of s?
2, 29
Suppose -2*u - 2 = -0, 4*u = -4*a + 56. Let q be (-6)/a - 17/(-5). Suppose -q*k - k = -36. What are the prime factors of k?
3
Let t be 3/1 - (6 + -5). Suppose -t - 16 = -2*i. What are the prime factors of i?
3
What are the prime factors of 0 - (4 - (3 + 5))?
2
Suppose 6 - 14 = -4*k. Suppose 2 = k*q - 5*i, 5*q - 3*i - 51 = -2*i. What are the prime factors of q?
11
Let q(j) = j**2 + 8*j - 16. What are the prime factors of q(13)?
257
Let y = 3 - -3. Suppose -2*o - 170 = -y*o + 2*l, 2*l - 35 = -o. List the prime factors of o.
41
Let d be 0/2 + (-35 - 5). Let w = d - -71. What are the prime factors of w?
31
Let s(o) = o**2 + 7*o + 10. Let x be s(-7). Suppose 1 = m - x. What are the prime factors of m?
11
Suppose -6*y + 3*l = -y - 7, -4*y - 4*l - 20 = 0. What are the prime factors of 1/(y/(-2 + -13))?
3, 5
Suppose 3*t - 5*v + 40 = -2*t, v - 5 = 0. Let x be (0 + -10)/(1 + t). Suppose x*j - 5*l - 65 = 0, -l = j - 3*l - 16. What are the prime factors of j?
2, 5
Let b(r) = -127*r**2 - r. Let l be b(1). Let o be (-10)/1*l/40. Suppose -4*m + 20 = 0, 3*y - 5*m = -0*m + o. What are the prime factors of y?
19
Let w(b) = -3*b**3 - 9*b + b**3 - 11*b**2 + 7 + b**3. Let h be w(-10). What are the prime factors of -2 + h/3 + 10?
7
Suppose 2*d - 2 = d. List the prime factors of 568/32 - d/(-8).
2, 3
Let h(g) = 4*g - 4. Let a be h(7). Let r be a/30*65/2. Let c = r + -11. List the prime factors of c.
3, 5
List the prime factors of 255/(-6)*8/(-10).
2, 17
Suppose -z + l = -0*z - 11, 0 = -3*z + 2*l + 32. List the prime factors of z.
2, 5
Suppose -2*q - 25 = -17. Let c(s) = -4*s - 8. List the prime factors of c(q).
2
Let l = 12 - 7. Suppose o = -0*p + l*p - 35, p - 7 = -2*o. What are the prime factors of p?
7
What are the prime factors of ((-8)/(-12))/((-4)/(-114))?
19
Let v(w) = -9*w**3 + w**2 + w + 1. What are the prime factors of v(-1)?
2, 5
Let l(k) = -2*k + 13. Let v be l(5). Suppose v*r = 6*r - 102. What are the prime factors of r?
2, 17
Suppose 2*c - c = 0. Suppose -a - 3*x + 2*x + 29 = c, 2*a = -3*x + 60. List the prime factors of a.
3
Suppose -3*v - 88 = -h + 2*v, 0 = 5*v - 10. List the prime factors of h.
2, 7
Let s(m) = m**3 - 7*m**2 + 7*m - 3. Let x be s(6). Suppose x*z - 38 + 11 = 0. List the prime factors of z.
3
Suppose 4 + 6 = k. Suppose -y + k = -4. What are the prime factors of y?
2, 7
Let v(h) = h**3 + h**2 - h - 1. Let b = 2 - 3. Let a be v(b). Suppose -5*g = r + 4 + 12, 5*r - 4*g - 36 = a. What are the prime factors of r?
2
Let v(s) = s + 2. Suppose -12 = -3*x + 5*c - 3*c, 12 = 4*c. What are the prime factors of v(x)?
2
Let n = 6 - 1. Let j = n - -3. Let t(i) = -i**2 + 8*i + 7. List the prime factors of t(j).
7
Let h(p) = -p + 9. Let q be h(5). Suppose 4*a + q = -2*y, -y - 2*y - 4*a - 16 = 0. List the prime factors of (y/(-14))/(1/7).
2, 3
Let o(d) = 6*d**3 - 6*d**3 - 4 + d - d**3. What are the prime factors of o(-3)?
2, 5
Let n = -19 + 10. Let g = 27 + n. List the prime factors of g.
2, 3
Let w = 30 - 18. Let j = -7 + w. Let r = j + 0. List the prime factors of r.
5
Suppose 5*p - 4 = -2*r, 4*r + 2 = -5*p - 0. Suppose 3*s = b + p, -16 = -4*b - b + 2*s. Suppose -4*t = b*n - 48, 5*n - 5*t = n + 30. List the prime factors of n.
2, 5
Suppose -4*l + 123 = -2*i - 41, -5*l - i = -205. List the prime factors of l.
41
Let u = 32 - -61. Suppose u = 2*k + i, 0 = k - i + 1 - 43. Suppose 0 = 4*w - k - 23. What are the prime factors of w?
17
Let a be 2 + -2*43 + 2. Let m be ((-10)/15)/(2/15). List the prime factors of a/m + 4/(-10).
2
Let w(k) = 8*k - 14. What are the prime factors of w(7)?
2, 3, 7
Let m = 220 - 1. What are the prime factors of m?
3, 73
Suppose i = 2*f + 13 - 3, -3*i - 3*f = -3. Suppose -71 = -i*m + 25. List the prime factors of m.
2, 3
Let a = 11 - 8. List the prime factors of (-2)/a + (-32)/(-12).
2
Let u = 7 - 13. List the prime factors of ((-4)/6)/(u/135).
3, 5
Suppose 24 = 2*z - m, 3*z - 5*m - 31 = -6*m. What are the prime factors of z?
11
Let t be (3/(-9))/((-1)/(-69)). List the prime factors of (1 - t)/3 + 2.
2, 5
Let j = 1 - -5. Suppose 4*t = 3*w + 9, 2*t - j = 2*w - 3*t. List the prime factors of ((-4)/w)/(2/6).
2
Suppose 2*f = -6, 4*a + 4*f - f - 7 = 0. Suppose h = 5*u - a, -5*u + u = -4. Let o = h - -5. List the prime factors of o.
2, 3
Suppose m - 2 = -5*a + 3*m, 4*a - 4 = m. Suppose -3*t - 3*o + 65 = 2*t, -3*t + a*o = -58. Suppose 2*v = -2*v + t. List the prime factors of v.
2
Let l = -35 + 63. List the prime factors of l.
2, 7
Suppose 62 = 4*v - 130. List the prime factors of v.
2, 3
Suppose 229 = 4*q - 3. List the prime factors of q.
2, 29
Let x(o) = -25*o - 10. Let z be x(-4). What are the prime factors of ((-2)/6)/((-3)/z)?
2, 5
List the prime factors of (-12)/(-6) + (3 - -37).
2, 3, 7
Let b be ((-2)/2)/((-1)/(-3)). Let j(d) = d**2 + 6*d - 2. Let t be j(-5). Let s = b - t. List the prime factors of s.
2
Let w be -5 - 6/(3 + -6). Let a be (-80)/w*(6 + -3). List the prime factors of a/15 + 2/3.
2, 3
Suppose -27 - 24 = -q. What are the prime factors of q?
3, 17
Suppose -f + 17 + 36 = 0. List the prime factors of f.
53
Suppose 4*x = -5 + 13. Suppose 0 = -3*t - 2*s + 57, -2*t - 4*s + 36 = -x*s. List the prime factors of t.
3, 7
What are the prime factors of 9/((-45)/10) + (-99)/(-1)?
97
Let h(s) = -7*s + 7. Let k(c) = -8*c + 8. Let w(r) = -6*h(r) + 5*k(r). Let d be w(4). Suppose 0 = 2*o - 5*o + d. List the prime factors of o.
2
Suppose 5*h - 7*g = -3*g + 122, 36 = h + 5*g. List the prime factors of h.
2, 13
Let z be -3 - -5*(3 - 0). Suppose z = 2*q - q. List the prime factors of q.
2, 3
Let s(m) = m**3 + 3*m**2 + m + 3. Let v be s(-3). Suppose 0*d - 2*d = -4. Suppose -d*g + 3 + 1 = v. What are the prime factors of g?
2
Let h(z) = 2*z - 4*z + z + 4. What are the prime factors of h(-4)?
2
Suppose -l = -2*u - 0*l + 12, -4*u + 24 = -3*l. Let g be ((-3)/(-2))/((-6)/(-8)). Suppose -u = -g*f + 6. List the prime factors of f.
2, 3
Let q be (-11)/(-2)*(-1 + 15). Suppose q = 5*x + 22. List the prime factors of x.
11
Let q = 313 - 193. Suppose 6*a = a + q. List the prime factors of a.
2, 3
Let h(o) = o**3 - 4*o**2 + o - 10. List the prime factors of h(7).
2, 3
Suppose -3*c - 2*x + 49 = 0, -c + 2 = 2*x - 17. Let v = 32 - c. List the prime factors of v.
17
Suppose 125 + 91 = 4*l. What are the prime factors of l?
2, 3
Let f(l) = l**3 + 4*l**2 - 2*l - 3. Let z be f(-4). Let v = 9 - z. List the prime factors of 4/8 - (-30)/v.
2
Suppose f - 310 = -4*f. List the prime factors of f.
2, 31
Let y = 29 + -10. Let k = -14 + y. What are the prime factors of k?
5
Let y(n) = -n + 7. Let p be y(5). List the prime factors of (1 + 15)/p - -1.
3
Suppose -d - 1 = -36. What are the prime factors of d?
5, 7
Suppose 2*q = -q - 3*i + 1902, -644 = -q + 4*i. What are the prime factors of (-2)/5 + q/15?
2, 3, 7
Suppose -42*s + 41*s = -2. Let w = 3 - -2. Suppose 11 = s*x - w*m, -5 = -4*m + 15. List the prime factors of x.
2, 3
What are the prime factors of 62/(-3)*-6*(-12)/(-16)?
3, 31
Let g = 6 - 7. List the prime factors of (-1)/2*(g + -5).
3
Let h be 12/20 - 2/(-5). Suppose -5 = -w + h. List the prime factors of w.
2, 3
Suppose t + 6 = 5*w, 0 = 3*t - 20 + 8. Suppose m - 2*u = 2*u + 10, 2*m - w*u - 14 = 0. List the prime factors of (-4)/m - (-152)/12.
2, 3
Let j be 5*14*(-2)/(-20). Suppose 4*q - 8 = 0, j*q = y + 3*q - 33. Suppose -4*o = -5*f + y, -4*f - 3*o + 2 + 6 = 0. List the prime factors of f.
5
Suppose 686 = 6*a - 184. What are the prime factors of a?
5, 29
Let q = 3 - 1. Let b(n) = 2*n**3 + 2. Let t be b(q). What are 